{"id":577,"date":"2020-10-23T11:08:56","date_gmt":"2020-10-23T11:08:56","guid":{"rendered":"https:\/\/tesoroblanco.es\/?post_type=product&#038;p=577"},"modified":"2022-11-23T17:32:50","modified_gmt":"2022-11-23T17:32:50","slug":"queso-reserva","status":"publish","type":"product","link":"https:\/\/tesoroblanco.es\/?product=queso-reserva","title":{"rendered":"QUESO RESERVA"},"content":{"rendered":"","protected":false},"excerpt":{"rendered":"<div class=\"woocommerce-product-details__short-description\">\n<p>Maduraci\u00f3n m\u00ednima 6 meses.<\/p>\n<p><strong>CATA:\u00a0<\/strong>Olor limpio y elegante. L\u00e1ctico y afrutado (yogur suave y pi\u00f1a) Algunas notas de cereal y bizcocho sutil. Corteza a seta de bosque, tierra h\u00fameda y cuero limpio.<\/p>\n<p><strong>TEXTURA EN BOCA:<\/strong> Textura semidura. Mantecoso, ligeramente adhesivo, granulosidad de tipo harinoso, graso al paladar. Buena solubilidad en boca.<\/p>\n<p><strong>SABOR:<\/strong>\u00a0 Acidez elegante al principio que tiene un largo recorrido en boca. Afrutado que nos recuerda a pi\u00f1a ligeramente dulce mezclado con Notas f\u00fangicas (seta de bosque, tierra h\u00fameda) Regusto especiado y de frutos secos con un picante, suave y muy elegante.<\/p>\n<p><strong>INGREDIENTES:\u00a0<\/strong>Leche de cabra cruda, prensada, cloruro c\u00e1lcico, fermentos l\u00e1cticos, cuajo animal de cabrito y sal.<\/p>\n<p><strong>ASPECTO EXTERIOR: <\/strong>Corte muy fino, pasta cerrada sin ojos y cerco peque\u00f1o.<\/p>\n<p><strong>FORMATO: <\/strong>Cu\u00f1as de 400 gr. Aprox. Piezas de 2,800 Kg. Aprox.<\/p>\n<p><strong>CONSUMO PREFERENTE: <\/strong>12 meses a partir de la fecha de salida de maduraci\u00f3n.<\/p>\n<\/div>\n","protected":false},"featured_media":919,"comment_status":"open","ping_status":"closed","template":"","meta":{"_joinchat":[]},"product_brand":[],"product_cat":[29],"product_tag":[35,38],"class_list":{"0":"post-577","1":"product","2":"type-product","3":"status-publish","4":"has-post-thumbnail","6":"product_cat-sin-categorizar","7":"product_tag-queso","8":"product_tag-reserva","10":"first","11":"instock","12":"taxable","13":"shipping-taxable","14":"product-type-simple"},"_links":{"self":[{"href":"https:\/\/tesoroblanco.es\/index.php?rest_route=\/wp\/v2\/product\/577","targetHints":{"allow":["GET"]}}],"collection":[{"href":"https:\/\/tesoroblanco.es\/index.php?rest_route=\/wp\/v2\/product"}],"about":[{"href":"https:\/\/tesoroblanco.es\/index.php?rest_route=\/wp\/v2\/types\/product"}],"replies":[{"embeddable":true,"href":"https:\/\/tesoroblanco.es\/index.php?rest_route=%2Fwp%2Fv2%2Fcomments&post=577"}],"wp:featuredmedia":[{"embeddable":true,"href":"https:\/\/tesoroblanco.es\/index.php?rest_route=\/wp\/v2\/media\/919"}],"wp:attachment":[{"href":"https:\/\/tesoroblanco.es\/index.php?rest_route=%2Fwp%2Fv2%2Fmedia&parent=577"}],"wp:term":[{"taxonomy":"product_brand","embeddable":true,"href":"https:\/\/tesoroblanco.es\/index.php?rest_route=%2Fwp%2Fv2%2Fproduct_brand&post=577"},{"taxonomy":"product_cat","embeddable":true,"href":"https:\/\/tesoroblanco.es\/index.php?rest_route=%2Fwp%2Fv2%2Fproduct_cat&post=577"},{"taxonomy":"product_tag","embeddable":true,"href":"https:\/\/tesoroblanco.es\/index.php?rest_route=%2Fwp%2Fv2%2Fproduct_tag&post=577"}],"curies":[{"name":"wp","href":"https:\/\/api.w.org\/{rel}","templated":true}]}}