{"id":415,"date":"2020-04-25T09:58:53","date_gmt":"2020-04-25T09:58:53","guid":{"rendered":"https:\/\/tesoroblanco.es\/?post_type=product&#038;p=415"},"modified":"2023-12-13T19:49:25","modified_gmt":"2023-12-13T19:49:25","slug":"queso-tierno-mini","status":"publish","type":"product","link":"https:\/\/tesoroblanco.es\/?product=queso-tierno-mini","title":{"rendered":"QUESO TIERNO"},"content":{"rendered":"<p>&nbsp;<\/p>\n<p><script src=\"moz-extension:\/\/518645cc-6219-42ff-83fb-f7abbf00ccef\/js\/app.js\" type=\"text\/javascript\"><\/script><\/p>\n<p><script src=\"moz-extension:\/\/518645cc-6219-42ff-83fb-f7abbf00ccef\/js\/app.js\" type=\"text\/javascript\"><\/script><\/p>\n","protected":false},"excerpt":{"rendered":"<h4><strong><img loading=\"lazy\" decoding=\"async\" class=\"alignnone wp-image-1012\" src=\"https:\/\/tesoroblanco.es\/wp-content\/uploads\/2023\/12\/Medalla-plata-queso-tierno.png\" alt=\"\" width=\"164\" height=\"167\" \/><\/strong><\/h4>\n<h4><strong>Medalla de Plata 2024 Concurso Internacional de Lyon<\/strong><\/h4>\n<p><strong>CATA:<\/strong> Su corteza huele a tierra h\u00fameda y setas. El interior posee un olor caprino limpio y l\u00e1ctico de yogur y nata. Notas cereal malteado y frutos secos. Textura semiblanda que con el tiempo evoluciona a m\u00e1s dura. Buena mantecosidad en boca y se disuelve muy bien. Sabor con una ligera acidez de car\u00e1cter afrutado (c\u00edtricos). Notas l\u00e1cticas y dulce de cereal. Regusto a frutos secos y a setas si se come con corteza.<\/p>\n<p><strong>CARACTER\u00cdSTICAS F\u00cdSICAS:<\/strong> Forma Cil\u00edndrica. Peso Aprox.\u00a0 480 gr.<\/p>\n<p><strong>INGREDIENTES: <\/strong>Leche de cabra, cloruro c\u00e1lcico, fermentos l\u00e1cticos, cuajo animal de cabrito y sal.<\/p>\n<p><strong>ASPECTO EXTERIOR: <\/strong>Corteza lisa, fina y de color pardo oscuro con manchas verdosas y blancas, frutos de la flora natural de superficie. Sin pinturas ni antif\u00fangicos en superficie. Corteza natural comestible.<\/p>\n<p><strong>ASPECTO INTERIOR: <\/strong>Al corte presenta una pasta firme, de color blanco que evoluciona con el tiempo a blanco-marfil.\u00a0 Ojos peque\u00f1os e irregulares\u00a0 y en escasa cantidad.<\/p>\n<p><strong>FORMATO:<\/strong> Piezas de 250 gr. Aprox. y de 500 Kg. Aprox.<\/p>\n<p><strong>CONSUMO PREFERENTE:<\/strong> 6 meses a partir de la fecha de salida de maduraci\u00f3n.<\/p>\n<p>&nbsp;<\/p>\n<p><script src=\"moz-extension:\/\/518645cc-6219-42ff-83fb-f7abbf00ccef\/js\/app.js\" type=\"text\/javascript\"><\/script>\u00ab&gt;<\/p>\n","protected":false},"featured_media":921,"comment_status":"open","ping_status":"closed","template":"","meta":{"_joinchat":[]},"product_brand":[],"product_cat":[29],"product_tag":[],"class_list":{"0":"post-415","1":"product","2":"type-product","3":"status-publish","4":"has-post-thumbnail","6":"product_cat-sin-categorizar","8":"first","9":"instock","10":"taxable","11":"shipping-taxable","12":"product-type-simple"},"_links":{"self":[{"href":"https:\/\/tesoroblanco.es\/index.php?rest_route=\/wp\/v2\/product\/415","targetHints":{"allow":["GET"]}}],"collection":[{"href":"https:\/\/tesoroblanco.es\/index.php?rest_route=\/wp\/v2\/product"}],"about":[{"href":"https:\/\/tesoroblanco.es\/index.php?rest_route=\/wp\/v2\/types\/product"}],"replies":[{"embeddable":true,"href":"https:\/\/tesoroblanco.es\/index.php?rest_route=%2Fwp%2Fv2%2Fcomments&post=415"}],"wp:featuredmedia":[{"embeddable":true,"href":"https:\/\/tesoroblanco.es\/index.php?rest_route=\/wp\/v2\/media\/921"}],"wp:attachment":[{"href":"https:\/\/tesoroblanco.es\/index.php?rest_route=%2Fwp%2Fv2%2Fmedia&parent=415"}],"wp:term":[{"taxonomy":"product_brand","embeddable":true,"href":"https:\/\/tesoroblanco.es\/index.php?rest_route=%2Fwp%2Fv2%2Fproduct_brand&post=415"},{"taxonomy":"product_cat","embeddable":true,"href":"https:\/\/tesoroblanco.es\/index.php?rest_route=%2Fwp%2Fv2%2Fproduct_cat&post=415"},{"taxonomy":"product_tag","embeddable":true,"href":"https:\/\/tesoroblanco.es\/index.php?rest_route=%2Fwp%2Fv2%2Fproduct_tag&post=415"}],"curies":[{"name":"wp","href":"https:\/\/api.w.org\/{rel}","templated":true}]}}