{"id":364,"date":"2020-04-19T09:20:02","date_gmt":"2020-04-19T09:20:02","guid":{"rendered":"https:\/\/tesoroblanco.es\/?post_type=product&#038;p=364"},"modified":"2023-12-13T19:57:01","modified_gmt":"2023-12-13T19:57:01","slug":"yogur-griego-alpujarreno","status":"publish","type":"product","link":"https:\/\/tesoroblanco.es\/?product=yogur-griego-alpujarreno","title":{"rendered":"YOGUR NATURAL ALPUJARREN\u0303O"},"content":{"rendered":"","protected":false},"excerpt":{"rendered":"<h4><a href=\"https:\/\/www.concourslyon.com\/es\/sample\/2725\/tesoro-blanco-yogur-alpujarreno\" target=\"_blank\" rel=\"noopener\"><strong><img loading=\"lazy\" decoding=\"async\" class=\"alignnone size-medium wp-image-978\" src=\"https:\/\/tesoroblanco.es\/wp-content\/uploads\/2020\/04\/Dos-medallas-300x147.png\" alt=\"\" width=\"300\" height=\"147\" srcset=\"https:\/\/tesoroblanco.es\/wp-content\/uploads\/2020\/04\/Dos-medallas-300x147.png 300w, https:\/\/tesoroblanco.es\/wp-content\/uploads\/2020\/04\/Dos-medallas-324x159.png 324w, https:\/\/tesoroblanco.es\/wp-content\/uploads\/2020\/04\/Dos-medallas-416x204.png 416w, https:\/\/tesoroblanco.es\/wp-content\/uploads\/2020\/04\/Dos-medallas.png 600w\" sizes=\"auto, (max-width: 300px) 100vw, 300px\" \/><\/strong><\/a><\/h4>\n<h4><strong>Medallas de ORO 2022 &#8211; 2023\u00a0 Concurso Internacional de Lyon<\/strong><\/h4>\n<p><strong>INGREDIENTES:\u00a0<\/strong>leche entera pasteurizada de cabra y fermentos l\u00e1cticos.<\/p>\n<p><strong>ASPECTO INTERIOR:<\/strong> Color blanco caracter\u00edstico. Se observa una d\u00e9bil capa fina y brillante debido al afloramiento de la grasa, por no estar homogeneizada.<\/p>\n<p><strong>TEXTURA:<\/strong> Yogur cremoso, con una fluidez media y no suelta suero. En boca es untuoso y posee una alta solubilidad. (Merengue) La granulosidad es muy fina y agradable de comer.<\/p>\n<p><strong>FASE OLFATO-GUSTATIVA:<\/strong> Olor de intensidad baja. Delicado, poco \u00e1cido en nariz y con\u00a0 ligeros matices dulces de nata y c\u00edtricos. Sabor \u00e1cido caracter\u00edstico, muy agradable y arom\u00e1tico. Aromas animales muy atenuados y limpios. Gusto exquisito, donde se combinan a la perfecci\u00f3n la acidez y el dulzor.<\/p>\n<p><strong>CADUCIDAD:<\/strong> 28 d\u00edas refrigerados.<\/p>\n<p><strong>FORMATO:<\/strong><br \/>\n\u2022 Tarro de Cristal 445 gr.<br \/>\n\u2022 Tarro de cristal 212 gr<\/p>\n<p>&nbsp;<\/p>\n","protected":false},"featured_media":938,"comment_status":"open","ping_status":"closed","template":"","meta":{"_joinchat":[]},"product_brand":[],"product_cat":[29],"product_tag":[],"class_list":{"0":"post-364","1":"product","2":"type-product","3":"status-publish","4":"has-post-thumbnail","6":"product_cat-sin-categorizar","8":"first","9":"instock","10":"taxable","11":"shipping-taxable","12":"product-type-simple"},"_links":{"self":[{"href":"https:\/\/tesoroblanco.es\/index.php?rest_route=\/wp\/v2\/product\/364","targetHints":{"allow":["GET"]}}],"collection":[{"href":"https:\/\/tesoroblanco.es\/index.php?rest_route=\/wp\/v2\/product"}],"about":[{"href":"https:\/\/tesoroblanco.es\/index.php?rest_route=\/wp\/v2\/types\/product"}],"replies":[{"embeddable":true,"href":"https:\/\/tesoroblanco.es\/index.php?rest_route=%2Fwp%2Fv2%2Fcomments&post=364"}],"wp:featuredmedia":[{"embeddable":true,"href":"https:\/\/tesoroblanco.es\/index.php?rest_route=\/wp\/v2\/media\/938"}],"wp:attachment":[{"href":"https:\/\/tesoroblanco.es\/index.php?rest_route=%2Fwp%2Fv2%2Fmedia&parent=364"}],"wp:term":[{"taxonomy":"product_brand","embeddable":true,"href":"https:\/\/tesoroblanco.es\/index.php?rest_route=%2Fwp%2Fv2%2Fproduct_brand&post=364"},{"taxonomy":"product_cat","embeddable":true,"href":"https:\/\/tesoroblanco.es\/index.php?rest_route=%2Fwp%2Fv2%2Fproduct_cat&post=364"},{"taxonomy":"product_tag","embeddable":true,"href":"https:\/\/tesoroblanco.es\/index.php?rest_route=%2Fwp%2Fv2%2Fproduct_tag&post=364"}],"curies":[{"name":"wp","href":"https:\/\/api.w.org\/{rel}","templated":true}]}}