{"id":360,"date":"2020-04-18T17:26:46","date_gmt":"2020-04-18T17:26:46","guid":{"rendered":"https:\/\/tesoroblanco.es\/?post_type=product&#038;p=360"},"modified":"2026-03-30T16:27:28","modified_gmt":"2026-03-30T16:27:28","slug":"yogur-con-miel","status":"publish","type":"product","link":"https:\/\/tesoroblanco.es\/?product=yogur-con-miel","title":{"rendered":"YOGUR NATURAL MIEL ALPUJARRE\u00d1O"},"content":{"rendered":"","protected":false},"excerpt":{"rendered":"<p><a href=\"https:\/\/www.concourslyon.com\/es\/sample\/2735\/tesoro-blanco-yogur-miel-alpujarreno\" target=\"_blank\" rel=\"noopener\"><img loading=\"lazy\" decoding=\"async\" class=\"alignnone wp-image-948\" src=\"https:\/\/tesoroblanco.es\/wp-content\/uploads\/2023\/01\/Medalla-plata-23.png\" alt=\"Medalla plata 23\" width=\"150\" height=\"153\" \/><\/a><\/p>\n<h4><strong>Medalla de Plata 2023 AL MEJOR POSTRE LACTEO Concurso Internacional de Lyon<\/strong><\/h4>\n<p><strong>INGREDIENTES:<\/strong> Leche entera pasteurizada de cabra, fermentos l\u00e1cticos y Miel de Casta\u00f1o de La Alpujarra.<\/p>\n<p><strong>ASPECTO INTERIOR:<\/strong> Color blanco caracter\u00edstico. Se observa una d\u00e9bil capa fina y brillante debido al afloramiento de la grasa, por no estar homogeneizada.<\/p>\n<p><strong>TEXTURA:<\/strong> Yogur cremoso, con una fluidez media y no suelta suero. En boca es untuoso y posee una alta solubilidad. (Merengue) La granulosidad es muy fina y agradable de comer.<\/p>\n<p><strong>FASE OLFATO-GUSTATIVA:<\/strong> Olor de intensidad baja. Delicado, poco \u00e1cido en nariz y con\u00a0 ligeros matices dulces de nata y c\u00edtricos. Sabor \u00e1cido caracter\u00edstico, muy agradable y arom\u00e1tico. Aromas animales muy atenuados y limpios. Gusto exquisito, donde se combinan a la perfecci\u00f3n la acidez y el dulzor.<\/p>\n<p><strong>CADUCIDAD:<\/strong> 28 d\u00edas refrigerados.<\/p>\n<p><strong>FORMATO:<\/strong> Tarro de Cristal 212 gr.<\/p>\n","protected":false},"featured_media":931,"comment_status":"open","ping_status":"closed","template":"","meta":{"_joinchat":[]},"product_brand":[],"product_cat":[29],"product_tag":[],"class_list":{"0":"post-360","1":"product","2":"type-product","3":"status-publish","4":"has-post-thumbnail","6":"product_cat-sin-categorizar","8":"first","9":"instock","10":"taxable","11":"shipping-taxable","12":"product-type-simple"},"_links":{"self":[{"href":"https:\/\/tesoroblanco.es\/index.php?rest_route=\/wp\/v2\/product\/360","targetHints":{"allow":["GET"]}}],"collection":[{"href":"https:\/\/tesoroblanco.es\/index.php?rest_route=\/wp\/v2\/product"}],"about":[{"href":"https:\/\/tesoroblanco.es\/index.php?rest_route=\/wp\/v2\/types\/product"}],"replies":[{"embeddable":true,"href":"https:\/\/tesoroblanco.es\/index.php?rest_route=%2Fwp%2Fv2%2Fcomments&post=360"}],"wp:featuredmedia":[{"embeddable":true,"href":"https:\/\/tesoroblanco.es\/index.php?rest_route=\/wp\/v2\/media\/931"}],"wp:attachment":[{"href":"https:\/\/tesoroblanco.es\/index.php?rest_route=%2Fwp%2Fv2%2Fmedia&parent=360"}],"wp:term":[{"taxonomy":"product_brand","embeddable":true,"href":"https:\/\/tesoroblanco.es\/index.php?rest_route=%2Fwp%2Fv2%2Fproduct_brand&post=360"},{"taxonomy":"product_cat","embeddable":true,"href":"https:\/\/tesoroblanco.es\/index.php?rest_route=%2Fwp%2Fv2%2Fproduct_cat&post=360"},{"taxonomy":"product_tag","embeddable":true,"href":"https:\/\/tesoroblanco.es\/index.php?rest_route=%2Fwp%2Fv2%2Fproduct_tag&post=360"}],"curies":[{"name":"wp","href":"https:\/\/api.w.org\/{rel}","templated":true}]}}